ime factors of 10442950?
2, 5, 7, 29837
List the prime factors of 77528.
2, 11, 881
List the prime factors of 823521.
3, 277, 991
List the prime factors of 9819541.
37, 41, 6473
List the prime factors of 482429.
19, 25391
What are the prime factors of 704795?
5, 7, 13, 1549
What are the prime factors of 2307421?
109, 21169
List the prime factors of 20554145.
5, 71, 57899
What are the prime factors of 43924?
2, 79, 139
What are the prime factors of 13238392?
2, 1654799
List the prime factors of 42415.
5, 17, 499
What are the prime factors of 8312095?
5, 11, 1249
What are the prime factors of 1939997?
41, 47317
What are the prime factors of 2593001?
109, 23789
What are the prime factors of 5295528?
2, 3, 7, 19, 79
List the prime factors of 2330136.
2, 3, 32363
List the prime factors of 2488569.
3, 181, 4583
List the prime factors of 1639818.
2, 3, 30367
List the prime factors of 11434930.
2, 5, 13, 87961
List the prime factors of 9514647.
3, 1057183
List the prime factors of 555586.
2, 277793
What are the prime factors of 149236?
2, 37309
List the prime factors of 1527401.
29, 31, 1699
What are the prime factors of 5367953?
1583, 3391
What are the prime factors of 2560375?
5, 20483
List the prime factors of 620522.
2, 7, 127, 349
List the prime factors of 13580252.
2, 7, 193, 359
What are the prime factors of 3739240?
2, 5, 93481
List the prime factors of 5339957.
7, 449, 1699
List the prime factors of 9592960.
2, 5, 13, 1153
What are the prime factors of 782382?
2, 3, 19, 6863
List the prime factors of 6835860.
2, 3, 5, 12659
List the prime factors of 10107340.
2, 5, 505367
List the prime factors of 855759.
3, 109, 2617
What are the prime factors of 1530591?
3, 29, 73, 241
What are the prime factors of 2236225?
5, 89449
List the prime factors of 26174437.
23, 1138019
What are the prime factors of 10174091?
10174091
What are the prime factors of 21490159?
17, 19, 66533
What are the prime factors of 606055?
5, 53, 2287
What are the prime factors of 279942?
2, 3, 13, 37, 97
List the prime factors of 41192236.
2, 53, 83, 2341
List the prime factors of 10219200.
2, 3, 5, 2129
What are the prime factors of 508572?
2, 3, 17, 277
What are the prime factors of 141372?
2, 3, 7, 11, 17
List the prime factors of 1329396.
2, 3, 139, 797
List the prime factors of 3749993.
13, 288461
What are the prime factors of 106711?
11, 89, 109
List the prime factors of 1196152.
2, 149519
What are the prime factors of 393679?
11, 13, 2753
List the prime factors of 1430000.
2, 5, 11, 13
List the prime factors of 84787.
84787
What are the prime factors of 163418?
2, 101, 809
What are the prime factors of 1847940?
2, 3, 5, 19, 1621
What are the prime factors of 4862320?
2, 5, 60779
List the prime factors of 372520.
2, 5, 67, 139
What are the prime factors of 2662370?
2, 5, 17, 15661
What are the prime factors of 68099?
68099
List the prime factors of 193846.
2, 103, 941
List the prime factors of 228454.
2, 103, 1109
List the prime factors of 7233669.
3, 803741
What are the prime factors of 78365?
5, 7, 2239
List the prime factors of 4421696.
2, 59, 1171
List the prime factors of 264082.
2, 7, 13, 1451
List the prime factors of 10745982.
2, 3, 13, 19, 2417
What are the prime factors of 5975443?
19, 314497
What are the prime factors of 225522?
2, 3, 11, 17, 67
List the prime factors of 546146.
2, 273073
What are the prime factors of 267437?
31, 8627
List the prime factors of 246952.
2, 30869
List the prime factors of 7387421.
41, 180181
List the prime factors of 862069.
13, 5101
List the prime factors of 132155.
5, 26431
List the prime factors of 19780469.
17, 1163557
What are the prime factors of 432216?
2, 3, 23, 29
List the prime factors of 179350.
2, 5, 17, 211
What are the prime factors of 5325401?
5325401
List the prime factors of 269808.
2, 3, 7, 11, 73
List the prime factors of 164280.
2, 3, 5, 37
What are the prime factors of 8972527?
1787, 5021
What are the prime factors of 375192?
2, 3, 193
What are the prime factors of 1020621?
3, 7, 53, 131
What are the prime factors of 1074712?
2, 134339
What are the prime factors of 2356279?
29, 31, 2621
List the prime factors of 331450.
2, 5, 7, 947
List the prime factors of 258982.
2, 129491
List the prime factors of 595037.
595037
What are the prime factors of 249954?
2, 3, 41659
List the prime factors of 196892.
2, 49223
List the prime factors of 70538.
2, 13, 2713
List the prime factors of 198430.
2, 5, 19843
What are the prime factors of 103464?
2, 3, 479
What are the prime factors of 1452980?
2, 5, 72649
List the prime factors of 25978305.
3, 5, 1731887
List the prime factors of 4637006.
2, 11, 210773
List the prime factors of 1807308.
2, 3, 61, 823
What are the prime factors of 10663?
10663
List the prime factors of 15303.
3, 5101
List the prime factors of 182536.
2, 22817
What are the prime factors of 465955?
5, 7, 13313
List the prime factors of 190572.
2, 3, 15881
What are the prime factors of 871716?
2, 3, 72643
List the prime factors of 191946.
2, 3, 31991
What are the prime factors of 59235?
3, 5, 11, 359
List the prime factors of 85365.
3, 5, 7, 271
What are the prime factors of 20649337?
103, 433, 463
What are the prime factors of 76242?
2, 3, 97, 131
List the prime factors of 1031694.
2, 3, 107, 1607
List the prime factors of 652395.
3, 5, 23, 31, 61
What are the prime factors of 23225404?
2, 29, 347, 577
What are the prime factors of 40840?
2, 5, 1021
List the prime factors of 1983631.
13, 53, 2879
List the prime factors of 249596.
2, 23, 2713
List the prime factors of 192607.
101, 1907
What are the prime factors of 168137?
383, 439
What are the prime factors of 114095?
5, 19, 1201
What are the prime factors of 136200?
2, 3, 5, 227
List the prime factors of 3108975.
3, 5, 41453
What are the prime factors of 3717177?
3, 59, 21001
What are the prime factors of 11375262?
2, 3, 19, 11087
List the prime factors of 19169267.
13, 1474559
List the prime factors of 2950488.
2, 3, 43, 953
What are the prime factors of 18559369?
757, 24517
What are the prime factors of 10499037?
3, 3499679
What are the prime factors of 325056?
2, 3, 1693
List the prime factors of 18925525.
5, 641, 1181
What are the prime factors of 454499?
19, 1259
What are the prime factors of 3793670?
2, 5, 97, 3911
List the prime factors of 1513399.
1513399
List the prime factors of 43089.
3, 53, 271
What are the prime factors of 412345?
5, 82469
List the prime factors of 17800831.
59, 73, 4133
What are the prime factors of 7538515?
5, 223, 6761
List the prime factors of 8218458.
2, 3, 456581
List the prime factors of 544076.
2, 13, 10463
What are the prime factors of 429766?
2, 214883
List the prime factors of 7092455.
5, 1418491
What are the prime factors of 5874534?
2, 3, 19, 89, 193
List the prime factors of 20512140.
2, 3, 5, 11, 31079
List the prime factors of 141098.
2, 70549
List the prime factors of 2143988.
2, 7, 11, 6961
What are the prime factors of 6453888?
2, 3, 7
List the prime factors of 1995943.
281, 7103
List the prime factors of 1177092.
2, 3, 7, 173
What are the prime factors of 3211829?
3211829
List the prime factors of 6824762.
2, 7, 19, 25657
What are the prime factors of 1174127?
23, 71, 719
What are the prime factors of 32589?
3, 17, 71
What are the prime factors of 9039921?
3, 11, 59, 4643
What are the prime factors of 1645636?
2, 411409
List the prime factors of 1326500.
2, 5, 7, 379
List the prime factors of 971913.
3, 47, 61, 113
List the prime factors of 27306.
2, 3, 37, 41
What are the prime factors of 279877?
13, 21529
What are the prime factors of 5132771?
7, 283, 2591
List the prime factors of 808226.
2, 404113
List the prime factors of 1831071.
3, 11, 55487
What are the prime factors of 3809850?
2, 3, 5, 11, 2309
List the prime factors of 594474.
2, 3, 99079
List the prime factors of 564520.
2, 5, 11, 1283
What are the prime factors of 243144?
2, 3, 11, 307
List the prime factors of 8988963.
3, 41, 107, 683
List the prime factors of 2212730.
2, 5, 13, 17021
What are the prime factors of 355066?
2, 177533
What are the prime factors of 10172089?
2531, 4019
List the prime factors of 781037.
137, 5701
What are the prime factors of 7594722?
2, 3, 5209
List the prime factors of 972682.
2, 486341
What are the prime fac